26648?
2, 23, 8297
List the prime factors of 198947.
7, 97, 293
List the prime factors of 27903.
3, 71, 131
List the prime factors of 2879372.
2, 641, 1123
What are the prime factors of 1685940?
2, 3, 5, 28099
What are the prime factors of 21791519?
21791519
List the prime factors of 151379.
151379
What are the prime factors of 2749293?
3, 305477
List the prime factors of 6207002.
2, 3103501
List the prime factors of 4280187.
3, 19, 61, 1231
List the prime factors of 795468.
2, 3, 151, 439
List the prime factors of 45569.
45569
What are the prime factors of 272021?
23, 11827
List the prime factors of 5559916.
2, 37, 37567
List the prime factors of 285720.
2, 3, 5, 2381
List the prime factors of 2112851.
13, 162527
List the prime factors of 3857819.
7, 131, 601
What are the prime factors of 20400286?
2, 199, 51257
List the prime factors of 9136608.
2, 3, 13, 7321
What are the prime factors of 264182?
2, 31, 4261
What are the prime factors of 73754?
2, 36877
List the prime factors of 648397.
17, 43, 887
List the prime factors of 8342058.
2, 3, 1390343
List the prime factors of 495437.
495437
What are the prime factors of 498606?
2, 3, 83101
List the prime factors of 804468.
2, 3, 7, 61, 157
List the prime factors of 146949.
3, 11, 61, 73
List the prime factors of 1417542.
2, 3, 7, 33751
List the prime factors of 4902328.
2, 612791
What are the prime factors of 16780654?
2, 11, 173, 4409
What are the prime factors of 1477855?
5, 295571
List the prime factors of 1477414.
2, 738707
List the prime factors of 200185.
5, 40037
What are the prime factors of 915774?
2, 3, 152629
What are the prime factors of 9955521?
3, 73, 5051
List the prime factors of 2588676.
2, 3, 215723
List the prime factors of 10251055.
5, 2050211
List the prime factors of 5483842.
2, 7, 13, 29, 1039
List the prime factors of 249423.
3, 71, 1171
What are the prime factors of 2411466?
2, 3, 29, 13859
What are the prime factors of 532601?
532601
What are the prime factors of 873998?
2, 436999
List the prime factors of 3479703.
3, 1159901
What are the prime factors of 1375011?
3, 11, 17, 19, 43
List the prime factors of 9218229.
3, 83, 37021
What are the prime factors of 11847?
3, 11, 359
What are the prime factors of 288669?
3, 96223
List the prime factors of 149951.
113, 1327
What are the prime factors of 218956?
2, 19, 43, 67
What are the prime factors of 381306?
2, 3, 103, 617
What are the prime factors of 3842487?
3, 11, 37, 1049
What are the prime factors of 3818391?
3, 23, 55339
What are the prime factors of 630042?
2, 3, 7, 2143
What are the prime factors of 15683781?
3, 977, 5351
What are the prime factors of 3917918?
2, 1958959
What are the prime factors of 1844313?
3, 17, 29, 43
List the prime factors of 280627.
280627
List the prime factors of 33447838.
2, 83, 201493
List the prime factors of 872465.
5, 11, 29, 547
What are the prime factors of 182320?
2, 5, 43, 53
What are the prime factors of 690220?
2, 5, 34511
List the prime factors of 359143.
359143
What are the prime factors of 52846?
2, 26423
What are the prime factors of 4400137?
7, 628591
What are the prime factors of 102131?
41, 47, 53
List the prime factors of 2222844.
2, 3, 13, 14249
What are the prime factors of 138624?
2, 3, 19
What are the prime factors of 131997?
3, 23, 1913
List the prime factors of 2833869.
3, 19, 83, 599
What are the prime factors of 616872?
2, 3, 25703
List the prime factors of 908323.
13, 107, 653
What are the prime factors of 6733350?
2, 3, 5, 13, 1151
List the prime factors of 10794729.
3, 11, 73, 4481
What are the prime factors of 125703?
3, 13967
List the prime factors of 34718844.
2, 3, 2893237
What are the prime factors of 59247?
3, 29, 227
List the prime factors of 1054215.
3, 5, 19, 137
What are the prime factors of 21061157?
13, 73, 22193
List the prime factors of 3795317.
29, 130873
List the prime factors of 2978734.
2, 11, 71, 1907
List the prime factors of 280967.
280967
What are the prime factors of 2197155?
3, 5, 146477
What are the prime factors of 837043?
837043
What are the prime factors of 2926930?
2, 5, 292693
What are the prime factors of 2532681?
3, 19, 4937
What are the prime factors of 1021904?
2, 13, 17
List the prime factors of 276199.
7, 11, 17, 211
List the prime factors of 1035450.
2, 3, 5, 13, 59
What are the prime factors of 2800741?
89, 31469
What are the prime factors of 204256?
2, 13, 491
What are the prime factors of 6721371?
3, 463, 1613
What are the prime factors of 256580?
2, 5, 12829
What are the prime factors of 1953687?
3, 701, 929
What are the prime factors of 3070612?
2, 31, 24763
What are the prime factors of 750805?
5, 11, 17, 73
What are the prime factors of 2113479?
3, 78277
List the prime factors of 15771970.
2, 5, 43, 853
List the prime factors of 1272173.
7, 181739
What are the prime factors of 24374419?
24374419
What are the prime factors of 5879044?
2, 1469761
What are the prime factors of 41486?
2, 20743
What are the prime factors of 15612451?
251, 62201
What are the prime factors of 1778817?
3, 592939
List the prime factors of 20533.
20533
List the prime factors of 479996.
2, 11, 10909
List the prime factors of 17179870.
2, 5, 71, 24197
List the prime factors of 2411315.
5, 482263
What are the prime factors of 12943748?
2, 419, 7723
What are the prime factors of 141558?
2, 3, 23593
What are the prime factors of 8651725?
5, 17, 20357
List the prime factors of 17653480.
2, 5, 13, 17, 1997
What are the prime factors of 22883?
7, 467
What are the prime factors of 548589?
3, 107, 1709
List the prime factors of 1928364.
2, 3, 160697
What are the prime factors of 211159?
13, 37, 439
What are the prime factors of 142451?
167, 853
What are the prime factors of 769635?
3, 5, 5701
List the prime factors of 2106218.
2, 131, 8039
What are the prime factors of 512373?
3, 19, 89, 101
List the prime factors of 228017.
107, 2131
What are the prime factors of 392055?
3, 5, 59, 443
List the prime factors of 14963.
13, 1151
List the prime factors of 454344.
2, 3, 11, 1721
What are the prime factors of 97704?
2, 3, 23, 59
What are the prime factors of 19080733?
7, 2725819
What are the prime factors of 233730?
2, 3, 5, 7, 53
What are the prime factors of 3831460?
2, 5, 17, 59, 191
What are the prime factors of 401958?
2, 3, 137, 163
List the prime factors of 100468.
2, 25117
List the prime factors of 24000590.
2, 5, 157, 15287
What are the prime factors of 478058?
2, 7, 34147
List the prime factors of 4338541.
347, 12503
List the prime factors of 773706.
2, 3, 128951
What are the prime factors of 42300?
2, 3, 5, 47
List the prime factors of 25298846.
2, 29, 59, 7393
What are the prime factors of 1730665?
5, 346133
What are the prime factors of 1858662?
2, 3, 13, 47
List the prime factors of 7451159.
83, 107, 839
List the prime factors of 884033.
83, 10651
List the prime factors of 14908.
2, 3727
What are the prime factors of 353173?
353173
List the prime factors of 324980.
2, 5, 16249
List the prime factors of 9226130.
2, 5, 922613
What are the prime factors of 6761854?
2, 11, 293, 1049
List the prime factors of 512048.
2, 32003
List the prime factors of 12849880.
2, 5, 321247
List the prime factors of 248221.
89, 2789
What are the prime factors of 1684436?
2, 13, 29, 1117
List the prime factors of 10596695.
5, 17, 59, 2113
List the prime factors of 352284.
2, 3, 31, 947
What are the prime factors of 3554050?
2, 5, 71081
What are the prime factors of 12619?
12619
What are the prime factors of 2680299?
3, 297811
What are the prime factors of 4995272?
2, 83, 7523
What are the prime factors of 855088?
2, 13, 4111
What are the prime factors of 936875?
5, 1499
List the prime factors of 471280.
2, 5, 43, 137
List the prime factors of 8428318.
2, 83, 50773
What are the prime factors of 265687?
389, 683
List the prime factors of 2536327.
31, 81817
What are the prime factors of 8530708?
2, 67, 139, 229
What are the prime factors of 642116?
2, 229, 701
What are the prime factors of 16207?
19, 853
List the prime factors of 3883814.
2, 11, 176537
List the prime factors of 40822957.
7, 1409, 4139
List the prime factors of 2032086.
2, 3, 7, 48383
What are the prime factors of 3273418?
2, 17, 43, 2239
What are the prime factors of 2006616?
2, 3, 83609
What are t